8)) + 2
-4
Calculate 4 + 2 + -5 - 2.
-1
(4 - 4) + (7 - 2) - 4
1
What is 5 - (-2 - -4) - -1?
4
What is the value of -2 + 0 + 1 + -4?
-5
-4 - (9 - 7 - (1 - -1))
-4
What is the value of 10 + -2 + -3 + -10 + -1?
-6
Evaluate -9 + (8 - (-5 + 2)).
2
What is -2 - (-5 + (-4 - (-17 + 2)))?
-8
What is the value of 2 + -5 + 4 + 3?
4
What is 0 - -18 - 11 - (1 + 4)?
2
Calculate 2 - (-7 - -2 - -10).
-3
Evaluate 6 + (-10 - (-4 + 4)).
-4
4 + 2 + -6 + 9
9
What is the value of 0 + -3 + 4 - (2 - 2)?
1
Calculate -4 - ((1 - 2) + 0).
-3
Calculate -1 - (-1 - 0 - (-3 - -4)).
1
(9 - 6) + (0 - 3)
0
What is the value of -5 + (-1 - -8) + -12?
-10
Calculate -2 + 1 + (-2 - (-2 - 5)).
4
Evaluate 5 - (6 - (5 + -4)).
0
Evaluate 12 - (12 - 5) - (3 + -1).
3
Evaluate 6 + 1 + (11 - (-4 - -12)).
10
Evaluate (1 - 3) + (0 - 0) + 0.
-2
What is 0 - 0 - 0 - (0 - -5)?
-5
Evaluate -6 + 5 + 2 + (-26 - -33).
8
Evaluate (40 + -33 - (-1 + 0)) + 0.
8
Evaluate 2 + (-3 - 1) + 2.
0
Calculate 1 + (-3 - (4 + -2 - 2)).
-2
What is the value of -8 + 0 + 8 + 1?
1
What is the value of -5 + 1 - (3 - (9 + 1))?
3
(-4 - 0) + 7 - (-4 + 11)
-4
Calculate 2 + -4 + (4 - 2).
0
Evaluate (-6 - -2) + (6 - -1).
3
What is the value of -6 + (0 - -2) + 3 + -1?
-2
What is the value of -16 - -16 - (3 - 0)?
-3
What is 3 + 6 + -2 + -2?
5
What is the value of -4 + 0 - (1 + -1)?
-4
-8 - (-12 - (-16 + 9))
-3
Evaluate 109 - 105 - (1 + (1 - 0)).
2
Evaluate -7 - (6 + 1 + (22 - 30)).
-6
0 + -6 + -6 + (6 - 1)
-7
Evaluate 7 + -16 + 7 + 0.
-2
Evaluate (0 - 3) + (-5 - -5).
-3
Evaluate 1 + (4 - 0) + -3 + 0.
2
What is the value of 0 - (-1 + 3) - (4 - 8)?
2
Evaluate (8 - (-7 + 12)) + -3 + -2.
-2
Calculate (1 - -5 - 4) + 8 - 3.
7
Calculate 9 + -8 + 6 + -1.
6
Calculate -10 - (-14 + 6) - 0.
-2
What is -2 - (1 - 1 - 3)?
1
13 - -3 - 17 - (1 + -2)
0
15 - 12 - (0 + (2 - -6))
-5
What is 3 - ((-50 - -51) + (3 - -1))?
-2
What is the value of 4 + (1 - 11) + 1?
-5
Evaluate (1 - -2) + -6 + 4.
1
What is the value of -1 + (-6 - (3 - 8))?
-2
What is 3 + (-8 - -6) - 1?
0
What is the value of -3 + 0 - 8 - -3?
-8
Calculate 1 - -1 - (-3 - -7).
-2
What is 12 + (3 - 11) - 2?
2
Calculate (-1 - 6) + 13 + -4.
2
What is the value of 4 - (0 + 2) - (-5 - -12)?
-5
What is the value of (-6 - (-18 + 13)) + -4?
-5
What is -1 - ((4 - 6) + 3)?
-2
What is the value of -1 + (-5 - -2) + -2?
-6
What is -5 - (-2 + -11 + (6 - 0))?
2
Calculate (0 - 8) + 3 + 6 + -4.
-3
Calculate (55 - 52) + 1 + 1.
5
Calculate 6 + 25 + -18 + -7 + -1.
5
Calculate 0 + -3 + 7 + -5.
-1
Calculate 4 + -4 - 1 - (-2 - 0).
1
(-1 - -7 - -1 - 11) + 0
-4
What is the value of 0 + 5 - (1 - 3 - -5)?
2
What is the value of 5 - -1 - (5 + (-16 - -9))?
8
What is the value of -2 + (6 + (4 - 2) - 3)?
3
Calculate 1 + (-3 - -7 - 6).
-1
2 - (0 - (1 + (7 - 5)))
5
What is the value of -3 + 6 + -1 + (1 - 3)?
0
What is (-1 - (-3 + 1)) + -42 + 45?
4
What is the value of 2 + (2 - 3) + -3?
-2
What is 8 - (0 - -8) - (2 + 1)?
-3
What is (-13 - -7) + 8 + -5?
-3
Evaluate -8 + -8 + 7 + 5.
-4
Calculate -1 + 7 - (2 - -8) - -8.
4
What is the value of 0 - (1 - 2) - (-32 - -33)?
0
What is the value of 1 - 3 - (-5 - (2 + -4))?
1
What is -7 - (0 + 3 - 7)?
-3
Calculate -13 - (14 - 14 - 5).
-8
Calculate -6 + 1 + -18 + 22.
-1
18 + -18 - (-4 + 0)
4
What is the value of (6 - (6 + -3)) + -6?
-3
-3 - 1 - (-7 - -4)
-1
What is 6 - (3 - -2) - 2?
-1
What is the value of (2 - -2) + 2 + 1 + -2?
5
What is the value of (-5 - (0 - 5) - -2) + -7?
-5
What is the value of -1 - 2 - (6 + (-1 - 8))?
0
What is -11 - (6 + -5 - 4) - -6?
-2
Evaluate -7 - -5 - -2 - -4.
4
What is -4 + (-8 + 1 - -11)?
0
What is 2 + -4 - -3 - (4 + 4)?
-7
Evaluate -2 + -1 + -1 + -3 + 6.
-1
(-4 - (-4 + 8 + -5)) + 9
6
-29 - -21 - (-12 + -2)
6
Calculate (2 - -4 - (3 - -1)) + -6.
-4
Calculate 56 + -58 + (0 - -12).
10
Calculate -4 + 9 - 2 - 5.
-2
What is the value of -3 - (-5 - (-4 + 5)) - 7?
-4
What is -1 - -3 - (6 + (10 - 17))?
3
What is the value of 5 + -6 + -2 - 1?
-4
Calculate 10 - 3 - (3 - -3).
1
-14 + (15 + 8 - 10)
-1
What is the value of 7 + 5 + (0 - 7)?
5
What is the value of (1 - 4) + 9 - 4?
2
What is the value of -1 + (1 - -4) + 19 + -18?
5
Evaluate 0 - (3 + (-3 - -6) + -2).
-4
Calculate (10 - -4) + -26 - -6.
-6
Evaluate -2 - (2 + 2 + -3) - 0.
-3
Evaluate -1 + 4 + (-1 - 2) - 3.
-3
What is the value of (-6 - (14 - 14)) + 1 + 1?
-4
10 - 0 - (-3 + 16)
-3
What is -5 - (1 + 5 + -3)?
-8
Evaluate -21 + 0 + 22 - (0 - -6).
-5
Calculate 1 + -8 + (4 - -2).
-1
1 + 10 + (-2 - (6 + -2))
5
Evaluate -14 + 10 + (-1 - -6).
1
-7 - (-2 + 3) - -4 - 0
-4
Calculate 2 + 5 + -3 + 2 + -2.
4
What is -3 - (-7 + 3 + -3) - 6?
-2
What is -1 + (0 - 3 - 0) + 8?
4
Calculate -5 + 10 + 12 + -7.
10
What is the value of 0 - -5 - 10 - -3 - -3?
1
What is (19 - 15) + (-11 - -1)?
-6
Evaluate (3 - -1 - 5) + -4.
-5
What is 6 + ((-2 - 5) + 3 - 0)?
2
What is -3 + (1 + -2 - (21 - 25))?
0
Calculate (11 - 5) + 4 - 5.
5
What is the value of -4 + 0 + 13 + -12?
-3
Calculate (8 - (-7 - -5)) + -5.
5
-28 + 28 + -1 + 3 + 1
3
What is -7 - (-6 + 0) - (-8 + 2)?
5
What is 8 - (-4 + 5 + -3 + 2)?
8
What is 1 + (8 - 7 - 4 - -2)?
0
What is the value of (11 - (-3 - -12)) + (3 - 1)?
4
Calculate (9 - 2) + -1 - 6.
0
Calculate -4 + 3 + 9 + -3.
5
Evaluate -13 + (18 - (1 - 0)).
4
What is 0 + 3 - (7 + -11 + 4)?
3
What is the value of 2 + (0 - (4 - (7 + -3)))?
2
Evaluate 1 + -3 + (0 - -3) + 3.
4
What is (-1 - (-6 + -3)) + -5?
3
Calculate 1 - (5 + (-5 - (-2 + -2))).
-3
What is the value of -3 + 16 + -23 + (-3 - -6)?
-7
Calculate -1 + -1 + 1 + 6.
5
What is the value of -2 - (3 + 3 + -10)?
2
What is 2 - 11 - 1 - 1?
-11
Evaluate (-1 - (-4 - -3)) + 4.
4
What is -2 + (2 - (6 + -3))?
-3
Calculate (-5 - -6) + 1 - (-1 + 5).
-2
What is 2 - (1 - -2) - (1 - 3)?
1
Evaluate 0 + 1 - ((-32 - -15) + 17).
1
Evaluate (10 - 6) + 6 - (4 - -1).
5
What is 0 - (2 + 1 + 1 - 1)?
-3
What is -3 - 1 - (-11 + 6)?
1
Calculate -95 - -99 - (1 + -1).
4
11 + -6 + -4 + -5
-4
Calculate (2 - (-1 + -3)) + -2 + 1.
5
What is the value of 1 + -1 + (0 - 1) - -1?
0
What is -10 + 6 + -10 + 8?
-6
What is the value of -1 - 2 - (4 - 2)?
-5
(1 - 3 - (2 - 4)) + -1
-1
What is -5 + (0 - -1) + 10 + -12?
-6
What is 8 - 2 - 5 - 7?
-6
Calculate -2 + 0 + 3 + 0.
1
Evaluate (1 - (-1 + -1)) + (95 - 96).
2
Evaluate 6 + -14 + 14 - -1.
7
Evaluate 1 + (-2 - (1 + -2)) + 3.
3
What is (2 - 0) + (5 + -8 - -2)?
1
-2 + -6 - -1 - -5
-2
Calculate (2 - -4) + -3 - -2.
5
What is the value of 5 + -2 + -2 + -4 - -4?
1
Calculate 2 + -3 - (15 + -20).
4
Calculate 10 + -11 + -1 + (-3 - -2).
-3
(-5 - (-1 + 1)) + (4 - 1)
-2
What is (6 - 7) + 1 - (6 - 8)?
2
Calculate (1 - -13) + (-1 - 3).
10
Calculate -2 - -2 - (2 + -1 + -4).
3
What is the value of 1 - 0 - 6 - -4?
-1
What is the value of -2 - 1 - (-10 + 15 + -10)?
2
What is the value of (0 - (-13 - -8)) + (1 - 5)?
1
Evaluate 24 + -22 - (-5 - -1).
6
What is the value of 3 - (11 - 10 - (-1 - -4))?
5
Evaluate (-8 + 11 - 11) + (-1 - -4).
-5
(-2 - 3) + (0 + -5 - -11)
1
Evaluate 3 + -2 - 3 - (-4 + 4).
-2
Evaluate -12 + (13 - (3 - -1)) + -4.
-7
Calculate -4 - (-10 + -7 + 12).
1
Calculate -7 - (5 - 5 - 11).
4
What is (-3 - -1 - (1 + -2)) + -3?
-4
What is the value of -2 + 4 + (-2 + 6 - 4)?
2
What is the value of (-12 - -14) + -2 + -6?
-6
Calculate 4 + 1 - (3 - 1).
3
Calculate 1 + 3 + -1 + -1.
2
Evaluate -5 + 11 + 3 - (-1 - -6).
4
0 + (-1 - 2) + 6 + 1
4
Evaluate 4 - (-3 - -8) - -4.
3
Evaluate -2 - 2 - (-2 - 1).
-1
What is the value of -9 + (-4 - -24) + -9?
2
Calculate (4 - -9) + -10 - 0.
3
What is the value of (16 - 9) + -8 + -4?
-5
-67 - -55 - (-3 + -1)
-8
5 + -2 - -2 - 0
5
Evaluate 2 - 1 - (-24 - -28) - 1.
-4
What is -9 - (-7 + 2 + 1)?
-5
Calculate 3 + 7 + -8 + -4.
-2
What is the value of (-7 - -6) + (0 - 1) + -1?
-3
Evaluate 3 + (0 - -3) - 9.
-3
-5 + 4 + -4 + 7
2
Evaluate 1 - 4 - (5 + -8 + 4).
-4
(15 - 24) + (-2 - -9)
-2
Calculate 4 - (5 + -4 - -3).
0
What is -1 + ((1 - -2) + -4 - -5)?
3
What is the value of 2 + -1 - (-9 + 7) - 6?
-3
What is (0 - ((-2 - -7) + -1)) + 1?
-3
Calculate 0 + (-2 - (3 - 7)).
2
12 - (-9 - -19) - 2
0
What is (3 - (2 + 5)) + 1 + 4?
1
What is the value of 7 + -1 + (-23 - (-34 - -15))?
2
Calculate (-2 - (-7 + 3)) + -5 + 2.
-1
Evaluate -53 + 41 + (-1 - (-2 - 2)).
-9
-22 + 11 + (-1 - -9)
-3
What is the value of 5 + (1 - 3) + 2?
5
What is the value of -1 + 3 + -4 + 